).
-3
Let z(a) be the third derivative of -a**4/8 - a**3/2 + 38*a**2. Let c(i) = -3*i**2 + i. Let f = 1 - 0. Let j be c(f). Give z(j).
3
Suppose 3*n = 4*d - 2*d + 17, 3*d + 2*n - 7 = 0. Let a = 13 + -11. Let b(v) = 10*v**a + 699*v - 699*v. What is b(d)?
10
Let h(b) be the second derivative of b**6/120 + 3*b**5/20 - b**4/2 - 5*b**3/2 + 18*b**2 - 75*b + 2. Let x(k) be the first derivative of h(k). Determine x(-10).
5
Let l(z) = -4*z**2 + 373 + 3*z**2 - 401 - 13*z. Let u be l(-11). Let v(r) = -5*r**2 - 3*r**3 + 6*r + 1 + 2*r**3 - 2*r. Determine v(u).
13
Let l(n) = n**2 + 28*n + 163. Let k be l(-20). Let b(g) = -4*g**3 + g**2 - 3*g + 5. Calculate b(k).
-103
Let k = -1 - -3. Let o(u) = 11*u + 7 + 2*u**2 - 3*u**k - 20. Let m(v) = 735*v + 2214. Let f be m(-3). Give o(f).
5
Let o be (((-15552)/1701)/(10/(-7)))/((-4)/(-10)). Let x(v) = -v**3 + 17*v**2 - 15*v - 20. Give x(o).
-4
Suppose -m - l = 8, -2*l = -5*m + 2*l - 13. Let t(b) be the first derivative of 3*b**2/2 + 3*b - 865. Calculate t(m).
-12
Suppose 3*l + 39 = -4*x, 1681*l - 65 = 1686*l - 2*x. Let k(w) = w**3 + 12*w**2 - 10*w + 16. Calculate k(l).
-23
Let u(q) = q - 19. Let r(i) = 333 - 15*i - 652 + 372. Let l be r(3). Determine u(l).
-11
Let g(o) be the second derivative of -o**3 + 49*o**2/2 - 1363*o + 2. Determine g(-12).
121
Let h be ((-6)/4)/((-9)/(-12) - 1). Suppose 0 = h*i + 35 - 59. Let z(c) = -c + 9. Determine z(i).
5
Let o(x) = x**2 - 7*x + 10. Let q(u) = 1. Let y(p) = o(p) - 2*q(p). Let t(m) = m**3 + 7*m**2 + 137*m + 1166. Let a be t(-8). Give y(a).
2
Let k(r) = r**3 + 7*r**2 - r - 4. Let q(g) = 6*g**2 + 29 - 8*g**2 - 9*g + g**2. Suppose -4*t - f = 47, 5*t + 9 + 55 = 4*f. Let b be q(t). Determine k(b).
3
Suppose 4*y + 46 = -5*h + 2*y, h - y + 5 = 0. Let k(l) = -27*l - 2. Let u(w) = -75*w - 4. Let x(t) = 14*k(t) - 5*u(t). Determine x(h).
16
Let o(b) be the first derivative of -b**2/2 + 4*b - 1. Let q(h) = h**3 - 30*h**2 + 27*h + 58. Let d be q(29). Let s be (35/(d + 7))/(-3 + 2). Calculate o(s).
9
Let c(y) = -y**3 - 1. Suppose -19 = 8*a + 21. Let b(j) = -6*j**3 + 10*j**2 - 9*j - 5. Let f(x) = a*c(x) + b(x). What is f(9)?
0
Let w(i) = -6651*i + 0*i**2 + 6648*i + 3 + 8*i**3 + i**2. What is w(2)?
65
Let c(p) = -4*p + 3. Suppose i - 3*h - 3 = 2*i, 0 = -2*i + 5*h - 17. Let z(q) = -q + 1. Let l(d) = i*z(d) + c(d). Let s be (5 + -1 - 1) + -9. Give l(s).
-15
Let s(y) = -160*y. Suppose n + 7*n - 648 = 0. Let u(d) = n - 81 - 7*d. Let q(g) = -3*s(g) + 70*u(g). What is q(-1)?
10
Let m(c) be the first derivative of c**4/4 - c**3 + c**2/2 + 10*c - 3696. What is m(4)?
30
Let m(t) = -32630*t**2 + 11*t + 16316*t**2 - 6 + 16315*t**2. Give m(-9).
-24
Suppose -9*s + 91 - 19 = 0. Let x(h) = -s + 12 - h - 2. Let k(w) = -w**3 - 6*w**2 + 2. Let q be k(-6). Determine x(q).
0
Suppose 5*q - l = -30, -q - l - 1 - 5 = 0. Let b = 0 - -6. Let d(c) = 6*c - 2 + b*c - 13*c. What is d(q)?
4
Let q(x) = 3*x + 36. Suppose -177*s - 110 = 1533 - 227. What is q(s)?
12
Let p(x) = -7*x**3 + x. Let i be (-768)/(-15) - (-3)/(-15). Suppose 0 = -9*g + 21*g + 600. Let n = g + i. Calculate p(n).
-6
Suppose -1055*f - 5*p = -1054*f - 3, 0 = f + 3*p - 3. Let d(s) be the second derivative of s + 3/2*s**2 - 7/12*s**4 - s**f - 21 - 1/20*s**5. What is d(-6)?
3
Suppose 15 = -5*o, -a - 23*o - 18 = -15*o. Let c(j) = -30*j + 181. Give c(a).
1
Let a = 6/1709 - -1673/10254. Let h(n) be the second derivative of 2*n**2 + 0 + 11*n + a*n**3. What is h(-5)?
-1
Let p(o) = 10*o - 45. Suppose -351*y = -361*y + 40. Give p(y).
-5
Let d(o) = -57*o + 27. Let j(c) = 227*c - 122. Let u(i) = 9*d(i) + 2*j(i). What is u(0)?
-1
Suppose 3*y = 2*y. Let t(x) = x**3 + x**2 + 2*x - 4. Let f be t(y). Let q(k) = -k**3 - 3*k**2 + 6*k + 4. Determine q(f).
-4
Suppose -i - 3 = -2*l, 3*i + 2 = -l + 14. Let v(x) = -2*x - 1. Let p(m) = 2*m + 1. Let j(y) = i*v(y) + 2*p(y). Give j(1).
-3
Let h(l) be the first derivative of -l**3/3 + 4*l**2 + 13*l + 1178. Determine h(8).
13
Let k(n) be the first derivative of -n**4/4 + 6*n**3 - 17*n**2 + 29*n - 12607. Determine k(16).
-3
Let b(h) = 11 - 94*h - 71*h + 163*h. Determine b(9).
-7
Let n be (-1 - 6 - (-132)/18)*33. Let r(k) = k**2 + k - 129. Give r(n).
3
Let c(b) = 2*b - 3. Let j(o) = -o**3 - 6*o**2 + o + 4. Let d be j(-6). Let a(z) = -3*z**2 + 4*z + 9. Let q be a(d). Calculate c(q).
-25
Suppose 4*m + 5*q = 3*m + 15, 9 = 3*q. Let k(w) = m*w - 20*w**2 + 5 + 21*w**2 + w**3 - w. Suppose 6*u = 12*u. What is k(u)?
5
Let g(s) = 7*s - 1 + 29*s - 28*s + 28*s. Calculate g(-1).
-37
Suppose -5*m = -7*m + 42. Let n = -10 + m. Suppose -5*q + 3*l = n, 2*l = 5*q - 4*q - 2. Let r(s) = s**2 + 7*s + 2. Determine r(q).
-10
Suppose -r - f = 14 + 6, 4*f = -20. Let o(t) = 14*t - 35. Let y(i) = -24*i + 58. Let x(z) = 29*o(z) + 17*y(z). Determine x(r).
1
Let u(m) = -5*m**3 + 16*m**2 + 41*m - 12. Let k(d) = -d**3 + d**2 + 6*d. Let b(t) = 6*k(t) - u(t). Determine b(-9).
-24
Let n(j) be the third derivative of -j**4/4 - 5*j**3/2 + 7238*j**2. Determine n(-13).
63
Let d(l) be the third derivative of l**5/60 + l**4/3 + 7*l**3/6 - 115*l**2. Let y be d(-5). Let k(s) = s**3 + 7*s**2 - 4*s + 2. Give k(y).
-30
Let q = -94 - -113. Suppose 0 = -9*o + 1 - q. Let z(f) be the first derivative of f**4/4 + 4*f**3/3 - f**2/2 - 2*f + 2. Determine z(o).
8
Let w(r) = 2*r + 110181 + 2*r - 110210 - r. What is w(21)?
34
Let s = 570 - 556. Let o be (-8)/s*(-25)/(350/147). Let a(f) = f**3 - 6*f**2 - 5*f + 2. Determine a(o).
-28
Let y(s) = -2*s + 1. Let g(w) = 11*w - 8. Let n be 75/(-30)*(-18)/15. Let u(t) = n*y(t) + g(t). What is u(-3)?
-20
Let b(v) be the second derivative of 0 - 1/120*v**5 + 0*v**4 - 15*v + 1/60*v**6 - 1/2*v**3 + 0*v**2. Let f(d) be the second derivative of b(d). Determine f(1).
5
Let h(q) = -4*q + 2. Let j be (2/(-6))/(-2 - 10/(-6)). Let v be 1/(0 + j/(-2)). Determine h(v).
10
Let m(c) = 17284*c + 2*c**3 + 9 + 17273*c - 34582*c + 5*c**2. What is m(-5)?
9
Suppose 0 = -3*m - 2*x - 24, 0 = -48*m + 53*m + 3*x + 40. Let f(h) = h. Let r(d) = -5*d + 5. Let o(v) = 4*f(v) + r(v). Calculate o(m).
13
Let s(g) = -7*g**2 - 6*g - 85. Let c(u) = -5*u**2 - 6*u - 87. Let z(h) = -4*c(h) + 3*s(h). Calculate z(13).
2
Let o(r) = -r**2 + 34*r - 103. Let t be o(31). Let a(s) = -4*s - 34. Let b be a(t). Let q(k) = -k + 5. What is q(b)?
-1
Let t(o) = 2 - o**2 + 2*o - 16*o + 5*o. Suppose 0 = 5*s + 15, -5*x = s - 6*s + 30. Calculate t(x).
2
Let n(f) = -2*f**2 + 2*f + 2. Let k(j) = j**2 - 2*j - 3. Let a be k(-2). Let i(q) = -a*q - 8 - 7 + 4*q + 5. Let v be i(-12). Calculate n(v).
-2
Suppose 90 = -117*r + 127*r. Let z(m) = -3*m - 9. Give z(r).
-36
Let o(k) = -12*k + 5 - 12*k**2 + 25*k**3 + 9*k + 0*k**2 - 24*k**3. Let r(d) = 2*d**3 - 25*d**2 - 7*d + 10. Let a(m) = -5*o(m) + 2*r(m). Calculate a(10).
5
Let a = -69 - -121. Suppose 2*c = 6*c - a. Let g(l) = c*l - 12*l**2 - 18*l**2 + 29*l**2 + 2 - 5*l. Determine g(6).
14
Let w(k) = 11*k - 12. Let c(d) = -9*d + 7. Let z(l) = 5*c(l) + 3*w(l). Let y = 2 + -4. Calculate z(y).
23
Let n = -189 + 124. Let t = n + 88. Let a(r) = t*r - 1 + 30*r - 41*r. Calculate a(-1).
-13
Let n(y) be the third derivative of -y**5/20 - y**3/3 + 2*y**2. Let m = 125544 + -125546. Determine n(m).
-14
Let t(v) = -v**2 - v - 10. Suppose 0 = -n - 4*j + 10, -j + 11 - 7 = 0. Determine t(n).
-40
Let v(k) be the first derivative of k**3/3 - 7*k**2/2 - k + 1. Suppose 6282*f = 6353*f - 284. Give v(f).
-13
Let f(c) = -c**2 - 8. Suppose 17 = 2*k - 3. Suppose 2*i + 4 = -5*w, 3*i = -2*w + 8*i + k. What is f(w)?
-8
Let j(a) be the first derivative of -a**5/60 + 3*a**4/8 - 413*a**3/3 + 295. Let w(r) be the third derivative of j(r). Suppose -21 = -3*n - 0. Give w(n).
-5
Let c(p) = -p - 2. Suppose 8833 + 2657 = 15*x. Let f = -760 + x. What is c(f)?
-8
Suppose -b + 10 = 4*g - 19, 13 = 2*b - g. Let s(o) = -26*o + 6 + o**2 - 28*o + 3 + 78*o - 35*o. Give s(b).
-9
Let n = 421 - 203. Let l = -219 + n. Let h(y) = 6*y**3 - 2*y**2 - y. Determine h(l).
-7
Suppose 2 = 5*m + 32, -4*k + 3*m = -182. Let x(g) = g**3 - 41*g**2 + g - 41. Calculate x(k).
0
Let q(d) = -d**2 - 7*d + 1. Let i(r) = -r**2 - r + 29. Let k be i(-10). Let s = k + 64. Let z be 1/(-2)*(2 + 2)*s. Determine q(z).
7
Suppose -1964*g - 10 = -1965*g + 1. Let r(k) = k**2 - 15*k + 57. Give r(g).
13
Let n be ((-72)/27 + 3)/(3/63). Let x(o) = 7*o 